42*y - 16523. Determine i(-9).
946
Let r(u) = 41*u**3 - 2*u**2 + 244*u + 484. Calculate r(-2).
-340
Let w(p) = 42*p**2 + 1166*p - 278. Give w(-28).
2
Let a(h) = 4*h + 975. Give a(19).
1051
Let f(l) = -l**3 - 8*l**2 + 15605*l - 62214. Determine f(4).
14
Let t(a) = 7554*a + 90663. What is t(-12)?
15
Let g(i) = 53988*i - 36387906. Calculate g(674).
6
Let z(m) = -76210*m - 457286. What is z(-6)?
-26
Let m(y) = 700*y - 12441. Calculate m(17).
-541
Let y(n) = 566*n**2 + 647*n - 10. What is y(-1)?
-91
Let c(m) = 261*m**3 - 530*m**2 - 22*m + 73. Determine c(2).
-3
Let n(d) = -353*d**2 + 13783*d - 635. Give n(39).
-11
Let v(c) = -14*c**3 - 104*c**2 - 102*c + 2. Give v(-1).
14
Let s(d) = -221*d**2 + 5529*d - 111. Calculate s(25).
-11
Let s(h) = 2*h**3 + 154*h**2 + 184*h + 2426. What is s(-76)?
-6
Let v(d) = -164*d + 52. What is v(-1)?
216
Let s(n) = 3*n**2 + 355*n + 7214. What is s(-93)?
146
Let u(k) = -k**3 + 258*k**2 - 2694*k - 5692. What is u(247)?
-11
Let b(s) = -2709*s - 23843. Calculate b(-9).
538
Let b(p) = -2*p**2 - 288*p + 1673. Calculate b(-150).
-127
Let l(j) = -j**3 + 186*j - 378. Give l(2).
-14
Let n(v) = -3119*v**2 - 15568*v - 6. Calculate n(-5).
-141
Let k(b) = -5*b**2 - 699*b - 554. What is k(-139)?
2
Let j(h) = -1583*h + 9491. Give j(6).
-7
Let o(b) = -b**2 - 87*b + 2014. What is o(-90)?
1744
Let i(z) = 8*z**2 - 315*z - 321. What is i(-1)?
2
Let m(y) = 682*y + 3157. What is m(-7)?
-1617
Let y(x) = -2*x**2 - 171*x + 641. What is y(-88)?
201
Let p(y) = -42*y**2 - 952*y - 520. What is p(-22)?
96
Let m(c) = 3819*c - 7652. Calculate m(2).
-14
Let a(u) = -u**3 - 37*u**2 - 99*u + 117. Determine a(-34).
15
Let o(d) = -d**3 - 7*d**2 + 39*d + 222. Determine o(-11).
277
Let b(i) = 2487*i**2 + 24870*i + 58. Calculate b(-10).
58
Let k(b) = 1142*b - 172457. What is k(151)?
-15
Let l(s) = -582*s + 14066. Calculate l(24).
98
Let r(g) = -3886*g - 23328. Calculate r(-6).
-12
Let m(r) = r**3 - 13*r**2 - 640*r + 8498. Determine m(25).
-2
Let p(k) = k**3 + 72*k**2 + 1257*k - 91. Give p(-42).
35
Let j(c) = -4*c**3 + 9*c**2 - 1721*c + 6866. Give j(4).
-130
Let o(b) = 4*b**2 - 1599*b - 1814. What is o(401)?
191
Let o(k) = -3973*k - 103157. What is o(-26)?
141
Let o(l) = 174*l - 2261. Calculate o(13).
1
Let b(g) = g**3 - 728*g**2 + 3533*g + 59324. Give b(723).
38
Let x(s) = -s**2 - 33*s - 357. Give x(-11).
-115
Let p(v) = 1738*v + 1270429. Give p(-731).
-49
Let f(y) = -349457*y - 1397833. What is f(-4)?
-5
Let w(d) = -2*d**3 + 1520*d**2 + 53989*d + 2345. Calculate w(794).
-37
Let y(l) = -2285*l - 23394. What is y(-11)?
1741
Let h(b) = 13*b**3 + 6*b**2 + 4*b + 29. What is h(-3)?
-280
Let t(v) = -6134*v + 969150. What is t(158)?
-22
Let t(s) = 1169*s + 494447. What is t(-423)?
-40
Let g(d) = 10*d**3 - 260*d**2 + 22*d - 59. What is g(26)?
513
Let g(r) = -r**2 + 502*r - 44765. Determine g(116).
11
Let k(s) = -s**3 - 1376*s**2 - 2520*s - 7270323. What is k(-1378)?
5
Let m(l) = 13552*l + 13616. Determine m(-1).
64
Let z(x) = x**3 + 22*x**2 + 212*x + 916. Give z(-9).
61
Let q(m) = m**3 - 36*m**2 + 70*m + 1130. What is q(33)?
173
Let d(x) = -4142*x - 4042. What is d(-1)?
100
Let m(w) = 2*w**3 - 13*w**2 - 100*w + 706. Determine m(11).
695
Let b(d) = -46*d**2 - 18630*d + 28. Calculate b(-405).
28
Let y(d) = -d**2 - 55*d - 668. Determine y(-20).
32
Let g(z) = 58551*z - 233866. Calculate g(4).
338
Let p(x) = -11719*x + 1101583. Determine p(94).
-3
Let p(y) = 151*y - 20617. Determine p(133).
-534
Let f(z) = 14*z**2 - 47*z - 278. What is f(7)?
79
Let x(k) = -398*k - 1219. Calculate x(-2).
-423
Let x(f) = -25*f**2 + 2542*f - 20360. What is x(8)?
-1624
Let j(s) = 426*s + 14277. Calculate j(-37).
-1485
Let m(d) = d**3 - 31*d**2 + 302*d - 2081. What is m(21)?
-149
Let r(l) = 3*l**3 - 134*l**2 + 85*l + 137. Determine r(44).
5
Let n(a) = 487*a - 18102. Calculate n(37).
-83
Let o(j) = 15*j**3 + 18*j**2 + 21*j + 48. Calculate o(-2).
-42
Let k(s) = -s**3 - 279*s**2 + 1685*s - 7152. Calculate k(-285).
-27
Let j(r) = r**2 - 19427*r + 97113. Determine j(5).
3
Let y(z) = 1929*z - 252686. Determine y(131).
13
Let z(t) = 294*t + 158. What is z(1)?
452
Let v(u) = 109113*u - 327345. What is v(3)?
-6
Let r(p) = p**2 + 532*p - 11042. Calculate r(19).
-573
Let f(g) = g**2 + 6839*g + 47866. Calculate f(-7).
42
Let j(o) = 98008*o + 294015. Calculate j(-3).
-9
Let n(d) = -d**2 + 108*d - 1101. What is n(13)?
134
Let w(t) = -t**3 - 63*t**2 - 152*t - 608. Calculate w(-61).
1222
Let q(x) = 4*x**2 - 1565*x - 41171. Calculate q(416).
13
Let n(c) = 3*c**3 + 64*c**2 + 282*c + 18. What is n(-4)?
-278
Let k(r) = 2401*r + 648417. Determine k(-270).
147
Let l(s) = 2368*s - 108932. Determine l(46).
-4
Let z(d) = 38*d**3 - d**2 + 22*d - 46. Calculate z(0).
-46
Let d(q) = -20991*q + 7157924. What is d(341)?
-7
Let h(j) = -21*j**2 - 361*j + 191. Calculate h(-19).
-531
Let a(y) = 46*y**2 - 2428*y - 369. Calculate a(53).
161
Let q(m) = -4*m**3 + 1058*m - 41. Calculate q(0).
-41
Let m(d) = d**3 + 8*d**2 - 12*d - 149. Calculate m(-5).
-14
Let w(n) = n**2 - 3*n - 3412. What is w(64)?
492
Let c(a) = 643856*a + 643845. Calculate c(-1).
-11
Let h(k) = 752*k**2 + 105*k - 18. What is h(1)?
839
Let j(q) = -375*q**2 - 1970*q - 332. Calculate j(-5).
143
Let n(b) = -71455*b - 6788226. Determine n(-95).
-1
Let y(p) = -5*p**3 - 15*p**2 + 2215*p + 8992. Determine y(-4).
212
Let a(v) = -32292*v - 355197. Give a(-11).
15
Let n(z) = 77*z**2 - 3478*z - 29. Calculate n(45).
-614
Let b(h) = h**3 - 115*h**2 - 1659*h + 27. Calculate b(-13).
-38
Let l(a) = 9*a**2 + 20515*a - 20514. Determine l(1).
10
Let q(t) = 8*t**3 - 82*t**2 - 52*t + 32. Give q(11).
186
Let o(w) = -5*w**3 + 72*w**2 - 204*w + 3736. Give o(15).
1
Let v(x) = 37*x**2 + 728*x - 4499. Calculate v(5).
66
Let z(b) = 36*b + 714. Give z(-16).
138
Let k(a) = 56*a**2 - 463*a - 408. Determine k(9).
-39
Let u(d) = 2*d**2 + 1771*d + 202649. What is u(-135)?
14
Let y(x) = 4295529*x - 17182115. Calculate y(4).
1
Let n(l) = -l**2 - 8860*l + 1013949. Calculate n(113).
0
Let w(h) = 1422*h + 288667. Determine w(-203).
1
Let f(i) = i**2 + 8*i - 10944. Calculate f(-109).
65
Let x(f) = 2*f**3 + 194*f**2 - 1877*f - 146592. Calculate x(-99).
27
Let t(j) = -35626*j - 35628. What is t(-1)?
-2
Let r(w) = 2*w**3 + 720*w**2 + 128*w + 46232. Give r(-360).
152
Let f(s) = 519*s - 7093. Calculate f(14).
173
Let k(w) = -15646*w - 1392462. Give k(-89).
32
Let r(v) = 8507*v + 51080. Give r(-6).
38
Let x(c) = 2*c**3 + 66*c**2 - 61*c - 1569. Calculate x(-31).
4166
Let q(l) = -5*l**2 + 447*l - 6202. Give q(17).
-48
Let j(l) = 17*l**3 - 31*l**2 - l + 10. What is j(5)?
1355
Let v(l) = -12*l**3 + 9*l**2 + 27*l + 90. What is v(-4)?
894
Let i(y) = 9101*y + 4059120. What is i(-446)?
74
Let k(b) = -2*b**3 - 208*b**2 - 890*b - 9000. Determine k(-100).
0
Let z(r) = r**3 + 21*r**2 + 863*r + 15897. Calculate z(-19).
222
Let z(v) = -2*v**2 + 355*v - 5480. What is z(17)?
-23
Let j(c) = -14*c**3 - 31*c**2 + 75*c + 228. Give j(-3).
102
Let q(f) = 11*f**2 - 19*f + 157. Calculate q(11).
1279
Let o(s) = 4*s**3 + 95*s**2 + 446*s - 71. Determine o(-17).
150
Let d(h) = -301*h**2 + 2373*h - 9. Calculate d(8).
-289
Let g(u) = 125732*u + 13201863. Calculate g(-105).
3
Let j(v) = 132*v + 18378. What is j(-137)?
294
Let j(l) = -3*l**3 + 16*l**2 + 298*l + 296. Give j(-7).
23
Let u(y) = y**3 + 192*y**2 + 9114*y - 221. What is u(-106)?
-9
Let c(a) = 652*a + 3886. What is c(-6)?
-26
Let g(o) = o**2 + 2648*o - 15849. Calculate g(6).
75
Let l(i) = i**3 + 138*i**2 + 1760*i + 4861. Determine l(-4).
-35
Let l(h) = -h**2 - 846*h - 1710. Give l(-2).
-22
Let j(p) = 7*p**2 + 209*p - 80. Determine j(-38).
2086
Let p(y) = -5*y**2 - 11046*y + 55268. Calculate p(5).
-87
Let v(z) = 48*z**2 + 852*z - 153. Give v(-18).
63
Let i(s) = 43*s + 3520. What is i(-82)?
-6
Let u(w) = 40111*w + 40036. Give u(-1).
-75
Let k(o) = -724*o - 215743. What is k(-298)?
9
Let u(i) = -584856*i - 30412514. Determine u(-52).
-2
Let t(r) = 861020*r - 1722027. What is t(2)?
13
Let y(v) = -538*v**2 - 3058*v + 18. Determine y(-5).
1858
Let h(s) = -3*s**2 + 108593*s - 1085643. Give h(10).
-13
Let f(n) = -n**3 + 29*n**2 - 55*n + 548. Determine f(27).
521
Let a(o) = 4*o**3 - 1033*o**2 + 151*o + 27615. Give a(258).
9
Let a(b) = -2873*b**2 + 72*b - 14. What is a(1)?
-2815
Let i(u